- 2. Let q be i(v). Determine z(q).
-6
Suppose -2 = 2*b - 6. Suppose 110 = 5*u + b*l + 659, 4*u = 3*l - 453. Let c = u - -117. Let q(g) = g**2 - 8*g + 7. What is q(c)?
-5
Let s(b) = b**3 + 9*b**2 - 10*b + 11. Let f be 0 - (-18)/(1 + -7). Let r(k) = 2*k - 4. Let o be r(f). Give s(o).
11
Let x(g) = -5*g - 7915 - 2*g + 3960 + 5*g + 3962. Let l = -10 - -4. Give x(l).
19
Let f(c) = -2*c**2 + 2*c + 11. Let p = 2084 + -2080. Calculate f(p).
-13
Let v(j) be the first derivative of j**4/4 - 10*j**3/3 + 7*j**2 - 6*j - 3907. Determine v(9).
39
Suppose -19*o = -55*o + 288. Let i(a) = a**3 - 8*a**2 - 3*a - 8. Calculate i(o).
-32
Let p(x) = -2*x**2 - 6*x + 1. Let m(w) = -5*w**2 - w + 6. Let d(k) = -k**2 - k + 1. Let t(l) = -35*d(l) + 5*m(l). Let i(g) = 11*p(g) + 2*t(g). Give i(-5).
-19
Suppose -8*y - 101 = -93. Let f(a) = 5*a**2 + 7*a + 7. Determine f(y).
5
Let l(a) = a**3 - 21*a**2 + 108*a + 9. Let t be l(11). Let v be t*(11 - 6)/5. Let k(u) = u**2 + 13*u + 2. What is k(v)?
2
Let x(j) be the second derivative of 3*j**5/20 + 73*j**4/6 - 25*j**3/3 - 20*j**2 + 12029*j. What is x(-49)?
9
Let l(g) = 4*g**2 + 2*g - g**3 + 0*g + 6810 - 6*g - 3406 - 3396. Determine l(3).
5
Let i(x) be the first derivative of x**3 - 2*x**2 + 2*x + 29. Let z(w) = -w - 11. Let m be z(-15). Let g be 0 - (m/2 - 4). Calculate i(g).
6
Let d(j) = -3 + 10*j + 6*j**2 - 4 - 4366*j**3 + 4367*j**3 - 4*j. Let c(k) = k**2 - 5*k - 1. Suppose 3*g - 6 = 6. Let h be c(g). Calculate d(h).
-12
Let j(v) = 59*v + 16. Let l be j(3). Let a = -196 + l. Let t(w) = w**2 + 5*w + 4. Calculate t(a).
-2
Let b(v) = -v**3 - 8*v**2 + 13*v + 18. Suppose 54*w = 8*w - 414. Calculate b(w).
-18
Let m(h) = -h**2 - 4*h - 3. Suppose -19*b + 36 = -18*b. Suppose 5*y = 5*k + 5, 2*k - b = 4*y + 6*k. Give m(y).
-3
Let a be (-1)/(6 + 15/10 + -8). Let z(w) be the third derivative of 4*w**a + 0*w - 1/8*w**4 + 1/3*w**3 + 0. Determine z(5).
-13
Let r(m) be the first derivative of -1/4*m**4 - 8/3*m**3 - 3*m + 0*m**2 + 21. Determine r(-8).
-3
Let h(s) = -4*s + 1. Let q(y) = -16*y - 21. Let k(c) = -2*h(c) + q(c). Determine k(-2).
-7
Let v(b) be the second derivative of 15*b + 0 - 2/3*b**3 - 4*b**2. Let r be v(-4). Let u(y) = -2*y + 10. Give u(r).
-6
Let m(a) = a**2 - 3*a**2 + 12*a + 715 - 609 + 0*a**2. Determine m(11).
-4
Let u = 2891 + -2891. Let b(p) be the third derivative of u - 1/24*p**4 + 17*p**2 + 0*p + 1/3*p**3. Determine b(4).
-2
Let u(b) = -b**3 + 8*b**2 - 3. Let t be u(8). Let l be -1 - (-2 - t - 5). Let o(i) = -4 - i + i + 2*i**2 + i. What is o(l)?
17
Let r(q) = q**3 + 32*q**2 - 34*q - 41. Let c(g) = g**2 - g - 1. Let u(l) = -8*c(l) + r(l). Give u(-25).
-8
Let c(i) = i**2 - 10*i - 22. Let l be c(10). Let m = l - -14. Let w(h) = -3*h - 19. Let z be w(m). Let j(g) = -g**2 + g + 3. Calculate j(z).
-17
Let p(t) = 306*t + 2444. Let y be p(-8). Let b(u) = -u**3 - 2*u**2 - 2*u + 4. Determine b(y).
44
Let z(s) = -32*s - 3. Let j(r) = 713*r + 69. Let m(v) = -2*j(v) - 46*z(v). Give m(2).
92
Suppose 0 = -2*m - 6, -3*l + 24*m = 28*m - 36. Let x(b) = b**2 - 13*b - 2. Determine x(l).
46
Let s(l) = l**3 - 4*l**2 + l - 2. Let u be s(4). Let c(v) = 4 - 6*v - 1 + u*v + v**2. Suppose -2*r - a = -9, -14 = -2*r + 7*a - 3*a. What is c(r)?
8
Let t(z) = 5*z**2 + 24*z - 7. Let f(d) = 32*d + 251. Let k be f(-8). What is t(k)?
-2
Suppose -443*j + 439*j + 12 = -3*f, 2*f - 4*j + 16 = 0. Let z(q) = q. Let y be z(-2). Let w be 7 - f - y/(-1). Let b(x) = 10*x**3 + x**2. Determine b(w).
11
Let j be ((-2)/(-4))/((-13)/312). Let f be (-1808)/j - -2 - 2/3. Let o(x) = 2 + 0 + 151*x - f*x - 1. Determine o(6).
-5
Suppose 0 = -3*c - 8 + 14. Let r(w) = -2*w - 14. Let v(k) = -k - 12. Let x(s) = c*r(s) - 3*v(s). What is x(0)?
8
Suppose g = 58 - 43. Let o(j) = 20 - 8 + g*j - 9*j - 7*j. What is o(16)?
-4
Let b(t) = 2*t + 2*t**2 - t**2 - 8*t. Let h(p) = 8*p**2 + 39*p - 39. Let d = -222 - -223. Let g be h(d). Give b(g).
16
Let d be (658/70 + 5 + -14)*-15. Let v(h) = 7*h**2 + 5*h + 5. Let q(c) = 4*c**2 + 2*c + 3. Let x(u) = -5*q(u) + 3*v(u). What is x(d)?
6
Suppose 5*c - 3*k = 27, -6*k + k = -5. Let n be (-9)/c - 14/(-4). Let g(z) = -25*z + 26*z + 1 - 1 - n. Determine g(-4).
-6
Let t(p) = -p**2 - 3*p + 2. Let k(b) = 148*b + 704. Let h(u) = -14*u - 64. Let n(x) = 32*h(x) + 3*k(x). Let o be n(17). What is t(o)?
-2
Let p(w) = -3*w - 7. Suppose 71*r = r - 285 + 75. Calculate p(r).
2
Let l(o) = -12*o - 5. Let v be (-6)/(-5)*(6 - 7/2). Let a(z) = -z**3 + 2*z**2 + 5*z - 7. Let h be a(v). Determine l(h).
7
Let m(p) = 11*p**2 - 6*p**2 - 6*p**2 - 6*p + 3 - 5. Let v(u) = 198*u - 1193. Let h be v(6). Determine m(h).
3
Let c(l) = 2*l**2 + 16*l + 49. Let n be c(-13). Let m = -177 + n. Let d(x) = 16*x + 1. What is d(m)?
33
Let y(g) = -327*g + 5550. Let z be y(17). Let c(t) = 2*t**2 + 10*t + 1. What is c(z)?
73
Let q be 2*14/12*3. Let f(r) be the second derivative of r**3/2 - 2*r**2 + 20122*r. Calculate f(q).
17
Let r(i) = -i**2 + 11*i - 1. Let j be (-844)/(-84) - 109/2289. Determine r(j).
9
Let z be (-134)/402 - (0 - 0) - 56/(-6). Let m(v) = -v**2 + 11*v - 17. Determine m(z).
1
Let q(v) = -153*v - 17*v**2 + 15 + 12*v**2 - 1 + 77*v. Determine q(-15).
29
Suppose i + 3*u = -12, -7*i - 20 = -2*i - 5*u. Let m(s) = 4*s + 2*s**3 - 6 + s**3 + 2*s**3 - 6*s**3 - 6*s**2 - 7*s. Calculate m(i).
12
Let d(m) be the third derivative of m**6/60 - 13*m**5/30 - m**4/12 + 31*m**3/6 - 8*m**2 + 20. Calculate d(13).
5
Let g be 40/16*(2 + 1 + -1). Let v(q) = 29 + q**2 + 0*q**2 - 6*q - 26 + 0*q**2. Give v(g).
-2
Let m(k) = k**2 - 1. Let v be ((-12)/(-14))/((-4)/(-28)). Let z be 16/(-12)*1998/(-72). Let a be z/(-74) - (-1 - v/(-4)). Calculate m(a).
0
Let r(o) = -30*o**3 - 3*o**2 - 2*o + 5. Let j(q) = -26*q**3 - q**2 - 2*q + 6. Let a(x) = 7*j(x) - 6*r(x). Determine a(5).
27
Suppose -3*q - 65 = -89. Let a(w) = 3*w**3 + 6*w**2 + 13*w - 12. Let k(o) = -4*o**3 - 6*o**2 - 13*o + 12. Let j(t) = 5*a(t) + 4*k(t). Calculate j(q).
-36
Let l(k) = 17*k + 336. Let x(b) = -7*b - 135. Let w(n) = -5*l(n) - 12*x(n). Determine w(0).
-60
Let p(u) be the third derivative of u**5/60 + u**4/2 + u**3/6 + 2*u**2 - 187. Let w = -11 + 0. Give p(w).
-10
Let k(r) = 34*r**3 - 3*r**2 + 2. Let q be (4 + (-3 - -3))*(-21)/(-66 - 18). Calculate k(q).
33
Let r(p) = 7*p**2 + 1. Let i be (-40)/(-1 - 3) + -6 + 4. Let j be 4/i*-2 - 0/(-1). Give r(j).
8
Suppose -4*a = -2*d, 2*d - d = -a + 3. Let c(m) = 2*m**3 - 6*m**2 + 8*m - 2. Let l be c(d). Let k(x) = -65*x + 3 + 29*x - x**3 + 7*x**2 + 31*x. What is k(l)?
9
Let b(v) = -4*v + 16 - 2*v + 4*v. Let w(h) = 245*h + 495. Let n be w(-2). Determine b(n).
6
Let f(b) = -b**2 + 9*b - 3. Let j be (-2)/8 - 0 - 3050/(-200). Let c be (-2)/(-1) + 72/(-9). Let y be c/(-9) + 65/j. Give f(y).
17
Suppose -5*s - 29 = -3*p, -157*p + 153*p + 37 = -5*s. Let k(w) = w**3 - 7*w**2 - 11*w + 13. Determine k(p).
-11
Let f(p) be the first derivative of 0*p - 45 + 7/2*p**2. What is f(1)?
7
Let n(g) = g**2 - 11*g - 66. Let x be n(-19). Let q(j) = -1 - 504*j - j**2 + x*j. Calculate q(0).
-1
Let r(s) = -18 - s**3 + 14*s**2 - 470*s - 2 + 0*s**3 + 503*s. Determine r(16).
-4
Let n(r) be the third derivative of r**5/120 - 11*r**4/24 - 77*r**3/6 + 13*r**2 + 1. Let z(h) be the first derivative of n(h). Determine z(6).
-5
Let f(n) be the second derivative of -n**4/12 - 4*n**3 + 167*n**2/2 - 13556*n. Give f(6).
-13
Let o(i) = 6*i**3 - i**2 - i. Let w be o(-1). Let p(z) be the second derivative of 0 + 1/2*z**2 - 1/12*z**4 - 5/6*z**3 + 5*z. Determine p(w).
-5
Let b = 18534 + -18529. Let j(l) = l**3 - 5*l**2 + 8*l - 32. Determine j(b).
8
Let v(h) = -3*h - 51 - 45 + 88 - 25*h. Calculate v(-4).
104
Let n = -1988 - -1987. Let u(f) = 19*f**2 - 3*f. Calculate u(n).
22
Let l(t) = 1 + 15*t - 67*t + 36*t + 15*t + 15*t. Determine l(-1).
-13
Let x be (-5)/(-5*4/8). Suppose 0 = -2*g + x - 12. Let k(h) be the third derivative of -h**5/60 - h**4/6 + h**3/6 + 4*h**2 + 3*h. Give k(g).
-4
Let d(i) = -i**2 + 8*i + 10. Let m(x) = 2*x**3 - 3*x**2 + 4*x - 7. Let v be m(2). Suppose 3*c + 6*n = 2*n + 39, -4*c + v*n + 21 = 0. Calculate d(c).
1
Let r be 458 - (1 + 36/(-6)). Let x(o) = -o - 464 - r + 934. Calculate x(-9).
16
Let r(t) = 6*t - 7636 + 7646 - 11*t. Determine r(7).
-25
Let h be 0*(-3)/(-9)*1. Suppose 7*x + 4*x - 66 = h. Let r(c) = -1 + 0 + c + 0 + 0. G